8))/(-5). Suppose 2*o + 2*o = w - 19, -y*w + o = -90. Calculate the remainder when w is divided by 16.
15
Let u = -120 + 285. Suppose 25 = 5*o - u. What is the remainder when o is divided by ((-10)/(-4))/5*40?
18
Suppose -16 = -4*a + 36. Suppose -4*j = 16, -3*j + a = 5*u - 0*j. Suppose -u*f = 5*x - 5 - 20, 3*x - 10 = -4*f. Calculate the remainder when 19 is divided by x.
9
Let d(j) = -j**3 - 4*j**2 + 6*j + 7. Let p be d(-5). Let f = 2 + p. Suppose 2*y + 7 = -2*s + 39, 2*s = f*y + 20. Calculate the remainder when s is divided by 4.
2
Suppose -3*k = -0*k - 12. Suppose -n + 4*w = -37, 4*n - w - k*w = 115. Suppose -2*q = -q - n. Calculate the remainder when q is divided by 14.
11
Let z(k) = 11*k - 13. What is the remainder when z(3) is divided by 13?
7
Let n(c) = -5*c. Let r be n(-5). Suppose 4*j + 0*j + r = o, 0 = -2*o + 5*j + 44. What is the remainder when o is divided by (-6)/(-4) + (-75)/(-10)?
8
Let s = 1 - 1. Suppose 3*g + 5*v = 11, 5 = -2*g + v - 5. Calculate the remainder when 14 + s + (g - -2) is divided by 7.
6
Suppose 85 = n - 0*n. Suppose 0 = -5*u - 2*b + 174 - 39, 3*u - n = -2*b. Let o = 40 - u. Calculate the remainder when 43 is divided by o.
13
Suppose -14*q - 241 = -843. Calculate the remainder when q is divided by 5.
3
Let a(n) = n. What is the remainder when a(12) is divided by 7?
5
Let f(c) = c**3 - 3*c**2 + c - 6. Calculate the remainder when 24 is divided by f(4).
10
Suppose -3*l + 212 = 23. Calculate the remainder when l is divided by 2/7 + (-440)/(-28).
15
Let u = -7 - -11. Let a(q) = q**2 + 8*q + 2. Let w be a(-8). Suppose -w*z + z + 3 = 0. What is the remainder when u is divided by z?
1
Let f(s) = 3*s**2 - s - 11. Calculate the remainder when f(-5) is divided by 24.
21
Let q(m) = -2*m - 7. Suppose a = -19 + 5. Calculate the remainder when q(-6) is divided by (1 + 2)/((-21)/a).
1
Let a = -2 + 17. What is the remainder when a is divided by 2/(-15) + 186*6/270?
3
Let d(x) = -9*x. Calculate the remainder when 53 is divided by d(-2).
17
Let n(y) = y**2 + 2*y + 1. Let q be n(-3). Suppose q*k = k + 45. What is the remainder when (-2 + 1)*(-42 + -1) is divided by k?
13
Let j = 4 - -1. Let y = -49 - -56. What is the remainder when y is divided by j?
2
Suppose -44 = -g + 18. Calculate the remainder when g is divided by 13.
10
Suppose -5*l - 5*t + 71 = -2*t, -5*t - 3 = -l. Suppose -2*n - 148 = 2*n. Let h = n - -61. What is the remainder when h is divided by l?
11
Suppose -q + 14 = q. Let r be (-1 - (1 + -1))*-2. Suppose -r*t + 2*b - 4 = -3*t, -4*b - 40 = -2*t. Calculate the remainder when t is divided by q.
5
Let h = -11 + 13. Suppose -4*k + 200 = 3*v, 2*k - h*v - 38 = 62. Let d = 56 + -39. Calculate the remainder when k is divided by d.
16
Let x = 3 - 1. Suppose 2*z = -x*z + 72. What is the remainder when 53 is divided by z?
17
Suppose -476 = -6*r - 152. What is the remainder when r is divided by (-3 + 31)*(-1)/(-2)?
12
What is the remainder when 20 is divided by (10/25)/((-1)/(-20))?
4
Suppose 0 = -4*l - 2*z - 9 - 1, 2*l - 5*z - 25 = 0. Suppose l*r = 3*r - 33. What is the remainder when r is divided by 60/14 - 2/7?
3
Let j = 1 + 1. Suppose -j*g = -0*g - 52. Calculate the remainder when g is divided by 14.
12
Suppose -l + 5*l - 128 = 0. What is the remainder when l is divided by 11?
10
Let t(z) = 2*z + 1. Let n be t(5). Let s be (-2226)/(-22) - 2/n. Suppose -1 = 2*h - 11, -3*h + s = 2*p. What is the remainder when p is divided by 15?
13
Suppose 10 + 29 = 3*u. What is the remainder when 37 is divided by u?
11
Let f(a) = -a**2 + 5*a. Let p be f(4). Calculate the remainder when 1/p - (-83)/4 is divided by 11.
10
Suppose -3*z + 30 = -3*o, 0 = -2*z - 3*z + o + 42. What is the remainder when z is divided by 2?
0
Suppose 280 = 9*n - n. Calculate the remainder when n is divided by 21.
14
Let f = 10 - 15. Let m = -3 + 5. What is the remainder when (-6)/5*f/2 is divided by m?
1
Let j = -20 + 30. Let p = 16 - -3. Calculate the remainder when p is divided by j.
9
Let n(z) = 15*z - 4*z - 13*z + 13*z**2 + 1. Calculate the remainder when n(2) is divided by 13.
10
Let v = -9 - -33. Calculate the remainder when 93 is divided by v.
21
Let l(b) = -b + 12. Let i be l(12). Suppose i = -5*d + 47 + 78. Let n = 16 - 7. Calculate the remainder when d is divided by n.
7
Let g be 1/6 + 44/24. Let f = 18 + 70. Suppose -f = -2*m - g*m. What is the remainder when m is divided by 8?
6
Suppose 16 = -0*w + 2*w. Calculate the remainder when 28 is divided by w.
4
Let t be 6 - 3 - 4 - 13. Calculate the remainder when 17 is divided by 4/t + (-390)/(-42).
8
Let i(l) = 23*l - 24. Calculate the remainder when i(7) is divided by 28.
25
Let p(q) = -q**2 - 11*q - 24. Calculate the remainder when 9 is divided by p(-7).
1
Suppose 4*p + 5*y - 2*y = 173, -4*p + 171 = 5*y. Calculate the remainder when p is divided by 15.
14
Let f(r) = r**3 + 10*r**2 + 13*r - 20. Calculate the remainder when f(-7) is divided by 10.
6
What is the remainder when (-2)/(-5) + 752/20 is divided by 20?
18
Suppose 0 = -2*s - u + 39, 54 = -5*s - u + 144. Calculate the remainder when 84 is divided by s.
16
Let l(v) = 2*v**3 + 2*v**2 - v. Let r be l(-2). What is the remainder when (-12)/r - (-20 - 0) is divided by 14 - (-1 - (-1 + -2))?
10
Suppose -183 = -4*k - 51. Calculate the remainder when 129 is divided by k.
30
Let c(n) = -6*n - 54. Calculate the remainder when 285 is divided by c(-12).
15
Let f = 358 + -190. What is the remainder when f is divided by 13?
12
What is the remainder when 55 is divided by 30/18*(11 - 2)?
10
Suppose 2*m - m - 18 = 0. Suppose 3*x - 3 - 6 = 0. Suppose 2*w + x*w - 50 = 0. Calculate the remainder when m is divided by w.
8
Let i = 156 - 88. What is the remainder when i is divided by 26?
16
Suppose -2*f - f + 6 = 0. Suppose -f*u = -3*u + 2. Calculate the remainder when u is divided by 1.
0
What is the remainder when 225 is divided by (-2 + 51/(-3))*(1 + -2)?
16
Suppose -2*m + 3 + 5 = 0. Suppose -2*w = u + m*u - 25, -w - 4*u = -14. Calculate the remainder when w is divided by 6.
4
Let m be (6/(-4) + 2)*0. Let b = m - 4. What is the remainder when 8 is divided by 10/6*(b - -7)?
3
Let d(q) = q**3 + 2*q**2 - q. Let u = 21 - 19. What is the remainder when d(u) is divided by 4?
2
What is the remainder when (-646)/(-26) - 10/(-65) is divided by 10?
5
Let i(g) = 3*g**2 + 2*g. What is the remainder when 23 is divided by i(1)?
3
Suppose n - 2*q = -19, q + 0*q + 1 = 0. Let z = 104 + n. What is the remainder when z is divided by 21?
20
Suppose 0 = -5*k + 73 + 12. Suppose k = -5*l + 42. Calculate the remainder when 7 is divided by l.
2
Let f = -74 - -34. Let o = 115 + f. Suppose 0 = 5*r - 0*r - y - o, -4*r - 2*y + 74 = 0. Calculate the remainder when 47 is divided by r.
15
Let h(f) = f**2 + f + 1. Let r be 36/(-21) + (-4)/14. What is the remainder when 10 is divided by h(r)?
1
Let j = -11 + 99. What is the remainder when j is divided by 10?
8
Suppose -13*o + 414 = 5*o. Calculate the remainder when o is divided by 16.
7
Let d(x) = x**2 - 3*x + 2. Calculate the remainder when -46*4/(-8)*3/3 is divided by d(5).
11
Suppose -16 = -2*f - 4*g, -g - 16 = -f + g. Calculate the remainder when 46 is divided by f.
10
Suppose -2*l - r = -4*r + 13, -12 = -2*l - 2*r. What is the remainder when l is divided by 1?
0
Let w(x) = 16*x**3 + 2*x**2 - 1. Let r(p) = p**2 + 4*p - 6. Let y be r(-5). Let m be w(y). Let g = m + 32. What is the remainder when 33 is divided by g?
16
Suppose 5*v = 4*w - 197, -2*v = 5*w - 92 - 113. Calculate the remainder when w is divided by 15.
13
Suppose x + 3*m - 4*m - 22 = 0, x - 24 = 3*m. Calculate the remainder when 61 is divided by x.
19
Suppose -2*d = -3*d + 20. Calculate the remainder when 59 is divided by d.
19
Suppose 6*p - 65 = p. Suppose d - 5*d = -16. Suppose -n + d + 3 = 0. Calculate the remainder when p is divided by n.
6
What is the remainder when 35 is divided by 2 + (-20)/8*-4?
11
Suppose 4*n + p - 2*p = 9, 18 = 2*n + 4*p. Suppose 4*x = n*x - 12. Let z = x - -19. What is the remainder when z is divided by 4?
3
Let d(g) = -2*g - 8. Let v(m) = -m**2 - 9*m + 3. Let p(l) = -9*l + 1. Let c be p(1). What is the remainder when v(c) is divided by d(-6)?
3
Suppose 5*u = 2*u + 102. Let p = u + -17. Let r(z) = 9*z + 4. Calculate the remainder when r(5) is divided by p.
15
Sup